hat is the remainder when 39757 is divided by 189?
67
Calculate the remainder when 448 is divided by 225.
223
What is the remainder when 264554 is divided by 17636?
14
Calculate the remainder when 239084 is divided by 43.
4
Calculate the remainder when 2456 is divided by 301.
48
What is the remainder when 4946 is divided by 53?
17
What is the remainder when 15922 is divided by 2892?
1462
Calculate the remainder when 306718 is divided by 129.
85
What is the remainder when 736 is divided by 675?
61
What is the remainder when 105217 is divided by 30?
7
What is the remainder when 3815 is divided by 463?
111
Calculate the remainder when 24338 is divided by 148.
66
What is the remainder when 660866 is divided by 411?
389
What is the remainder when 29565 is divided by 1741?
1709
What is the remainder when 355348 is divided by 86?
82
Calculate the remainder when 33828 is divided by 1207.
32
What is the remainder when 67082 is divided by 390?
2
Calculate the remainder when 330158 is divided by 29.
22
Calculate the remainder when 1861 is divided by 1720.
141
What is the remainder when 252656 is divided by 603?
602
Calculate the remainder when 16119 is divided by 8.
7
Calculate the remainder when 6679 is divided by 317.
22
Calculate the remainder when 20759 is divided by 10375.
9
Calculate the remainder when 1654 is divided by 412.
6
Calculate the remainder when 3382 is divided by 495.
412
Calculate the remainder when 608936 is divided by 398.
394
What is the remainder when 40900 is divided by 6802?
88
Calculate the remainder when 23584 is divided by 1229.
233
What is the remainder when 35140 is divided by 2?
0
Calculate the remainder when 3313 is divided by 953.
454
Calculate the remainder when 12952 is divided by 6361.
230
Calculate the remainder when 18604 is divided by 9296.
12
Calculate the remainder when 145066 is divided by 744.
730
Calculate the remainder when 117608 is divided by 396.
392
Calculate the remainder when 14923 is divided by 457.
299
Calculate the remainder when 275020 is divided by 353.
33
Calculate the remainder when 89911 is divided by 134.
131
Calculate the remainder when 753100 is divided by 973.
971
Calculate the remainder when 5043 is divided by 159.
114
Calculate the remainder when 4164 is divided by 245.
244
Calculate the remainder when 61554 is divided by 61520.
34
Calculate the remainder when 3254 is divided by 249.
17
Calculate the remainder when 55766 is divided by 22.
18
Calculate the remainder when 40219 is divided by 72.
43
Calculate the remainder when 21604 is divided by 10765.
74
Calculate the remainder when 782 is divided by 688.
94
Calculate the remainder when 8717 is divided by 2145.
137
What is the remainder when 670752 is divided by 291?
288
What is the remainder when 4209 is divided by 1405?
1399
Calculate the remainder when 21594 is divided by 148.
134
What is the remainder when 189187 is divided by 231?
229
What is the remainder when 249569 is divided by 37?
4
What is the remainder when 4540 is divided by 2021?
498
What is the remainder when 241793 is divided by 61?
50
What is the remainder when 2049 is divided by 1861?
188
What is the remainder when 14567 is divided by 273?
98
Calculate the remainder when 49384 is divided by 24656.
72
What is the remainder when 1101 is divided by 944?
157
Calculate the remainder when 7112 is divided by 3542.
28
Calculate the remainder when 377 is divided by 22.
3
Calculate the remainder when 12859 is divided by 6409.
41
Calculate the remainder when 86939 is divided by 219.
215
Calculate the remainder when 283380 is divided by 3587.
7
Calculate the remainder when 15773 is divided by 13.
4
Calculate the remainder when 1949880 is divided by 39.
36
What is the remainder when 1019 is divided by 575?
444
Calculate the remainder when 3253 is divided by 355.
58
Calculate the remainder when 509271 is divided by 325.
321
Calculate the remainder when 5195 is divided by 433.
432
Calculate the remainder when 475 is divided by 98.
83
What is the remainder when 238617 is divided by 59651?
13
What is the remainder when 45213 is divided by 34?
27
Calculate the remainder when 125991 is divided by 41996.
3
Calculate the remainder when 76855 is divided by 51.
49
What is the remainder when 27225 is divided by 267?
258
What is the remainder when 11207 is divided by 294?
35
What is the remainder when 12093 is divided by 59?
57
Calculate the remainder when 49617 is divided by 30.
27
What is the remainder when 119762 is divided by 158?
156
What is the remainder when 14324 is divided by 12?
8
Calculate the remainder when 212098 is divided by 23566.
4
What is the remainder when 4084 is divided by 214?
18
What is the remainder when 18852 is divided by 698?
6
What is the remainder when 135332 is divided by 99?
98
Calculate the remainder when 1531 is divided by 338.
179
Calculate the remainder when 2862 is divided by 2841.
21
What is the remainder when 582900 is divided by 32?
20
What is the remainder when 1734 is divided by 345?
9
Calculate the remainder when 1206 is divided by 23.
10
What is the remainder when 36472 is divided by 15?
7
Calculate the remainder when 225008 is divided by 701.
688
What is the remainder when 6830 is divided by 1353?
65
What is the remainder when 3364 is divided by 241?
231
What is the remainder when 136042 is divided by 773?
767
Calculate the remainder when 2930131 is divided by 484.
479
Calculate the remainder when 14554 is divided by 1040.
1034
What is the remainder when 2115 is divided by 1045?
25
What is the remainder when 118014 is divided by 5?
4
What is the remainder when 402000 is divided by 181?
180
Calculate the remainder when 27714 is divided by 3079.
3
Calculate the remainder when 5631 is divided by 19.
7
Calculate the remainder when 3272 is divided by 173.
158
Calculate the remainder when 152247 is divided by 350.
347
What is the remainder when 67035 is divided by 3046?
23
What is the remainder when 29020 is divided by 8?
4
What is the remainder when 3030 is divided by 190?
180
Calculate the remainder when 3729 is divided by 1804.
121
What is the remainder when 15306 is divided by 4956?
438
What is the remainder when 57992 is divided by 7?
4
What is the remainder when 4184 is divided by 695?
14
Calculate the remainder when 72308 is divided by 72302.
6
What is the remainder when 853 is divided by 6?
1
What is the remainder when 3976 is divided by 434?
70
Calculate the remainder when 6005 is divided by 2993.
19
Calculate the remainder when 2034 is divided by 92.
10
What is the remainder when 398843 is divided by 13?
3
What is the remainder when 2754 is divided by 176?
114
Calculate the remainder when 7012 is divided by 102.
76
Calculate the remainder when 1631 is divided by 61.
45
Calculate the remainder when 8369 is divided by 6.
5
Calculate the remainder when 735 is divided by 84.
63
What is the remainder when 262763 is divided by 16?
11
What is the remainder when 44787 is divided by 41?
15
What is the remainder when 1226 is divided by 164?
78
Calculate the remainder when 3768 is divided by 149.
43
Calculate the remainder when 97489 is divided by 16235.
79
Calculate the remainder when 32021 is divided by 46.
5
What is the remainder when 14925 is divided by 19?
10
Calculate the remainder when 25644 is divided by 12764.
116
What is the remainder when 30425 is divided by 10029?
338
Calculate the remainder when 29925 is divided by 129.
126
Calculate the remainder when 69106 is divided by 11492.
154
What is the remainder when 216178 is divided by 89?
86
What is the remainder when 1282404 is divided by 34?
26
What is the remainder when 166 is divided by 28?
26
Calculate the remainder when 54518 is divided by 284.
274
Calculate the remainder when 5893 is divided by 456.
421
Calculate the remainder when 677217 is divided by 973.
9
What is the remainder when 69217 is divided by 112?
1
Calculate the remainder when 61853 is divided by 183.
182
What is the remainder when 13804 is divided by 325?
154
Calculate the remainder when 29166 is divided by 2650.
16
Calculate the remainder when 13461 is divided by 700.
161
Calculate the remainder when 1532 is divided by 183.
68
Calculate the remainder when 9934 is divided by 261.
16
What is the remainder when 271086 is divided